738458 = 32*y + 197*y - 769049. List the prime factors of y.
29, 227
Suppose -2*m - 1 = 2*c - 3, -4*c - 3*m + 6 = 0. Suppose 0*r = c*r - 6. Suppose -2*y + 1357 = 5*b, -r*y - 245 = -2*b + 295. What are the prime factors of b?
271
Let h = -68 + 71. Let q = h - 12. What are the prime factors of (-5 - q)/((-1)/(-7))?
2, 7
Let a(b) = b**3 - 29*b**2 + 77*b - 1810. What are the prime factors of a(48)?
2, 17, 79
Let j(m) = -m**3 - 2*m**2 - 4*m - 5. Let t be j(-2). Suppose -k - 3*k + 2*i + 54 = 0, -4*k - t*i + 39 = 0. What are the prime factors of k?
2, 3
Let v be 4/(-14) - ((-357)/49 - -5). List the prime factors of 2/7 + (-49410)/(-35) + v.
2, 7, 101
Suppose 5*p - g - 36527 = 0, -3*p - 20*g = -18*g - 21911. List the prime factors of p.
3, 5, 487
Let j(n) be the third derivative of 2*n**5 + 13*n**4/24 + 4*n**2 + 23. List the prime factors of j(-3).
3, 347
Let q = 353 - 196. Let g = q + -134. What are the prime factors of g?
23
Suppose 0 = -12*q - 51 + 87. Suppose 1025 = 5*y - 3*d - 395, -3*y + 876 = q*d. List the prime factors of y.
7, 41
Suppose -3*l - f - 494 = -1301, 2*f - 1346 = -5*l. Let c = -206 + l. What are the prime factors of c?
2, 31
Let w(j) = -19*j**3 - 15*j**2 - 70*j + 31. List the prime factors of w(-10).
3, 59, 103
List the prime factors of (-68)/(-119) - ((-3)/5 - (-3552208)/(-70)).
31, 1637
Suppose u - 12 - 5 = -4*i, 15 = 3*u. Let v be ((-1170)/(-405))/((-1)/(-9)). Suppose -g - 5 = 0, -q - i*g = -2*q + v. List the prime factors of q.
11
Let i be (-328)/6*(26 - 23). Let u = -77 - i. List the prime factors of u.
3, 29
Suppose 7400 = o - 4*w - 3418, 5*o = 5*w + 54030. List the prime factors of o.
2, 11, 491
Suppose -s + 2*b + 2291 = 7*b, 2*b = -s + 2306. What are the prime factors of 7 + 5/(30/s)?
3, 131
Let y = -2999 + 5716. What are the prime factors of y?
11, 13, 19
Suppose -f - 4*k - 10 = 0, -f - 38 = -4*f + 5*k. What are the prime factors of 36/(-14)*((-344)/f + 6)?
2, 3, 11
Suppose -280*d + 1566684 = -234836. List the prime factors of d.
2, 3217
Let s(q) = -q**3 + 118*q**2 - 71*q - 371. List the prime factors of s(115).
31139
Let y be 32/(-80) + 2/5. Suppose -3*o - 5*s + 502 = y, 0 = 4*o + s - 779 + 104. Suppose 61 + o = 2*d. List the prime factors of d.
5, 23
Let d(g) = g**3 - 13*g**2 + 11*g + 18. Let r be ((-72)/15)/((-4)/10). Let u be d(r). Suppose 0 = u*c + c - 1099. List the prime factors of c.
157
Suppose -4*l + 88665 = -l - 9363. What are the prime factors of l?
2, 3, 7, 389
Suppose -1291 = -5*f - 2*l, -l = -3 - 0. Let t = f - 20. List the prime factors of t.
3, 79
Suppose 463*u = 468*u - 94260. What are the prime factors of u?
2, 3, 1571
Let o = -79405 + 112695. List the prime factors of o.
2, 5, 3329
Let x(m) = 2*m**3 + m**2 - m. Let v be x(1). Suppose 2*k - d = 597, k - 83 = v*d + 220. What are the prime factors of k?
3, 11
Let z be 126/24 - (-2)/(-8). Let h be 95/(-19)*(-343)/z. Suppose -5*n + h = t - 44, 3*t - 391 = -5*n. List the prime factors of n.
7, 11
Let a be (-48)/(-36) - ((-15)/9 - -1). What are the prime factors of a*2 - (-117 - -23)?
2, 7
Let v(h) = 8*h**2 + 27*h - 654. What are the prime factors of v(-44)?
2, 6823
Suppose -18973 = -14*d + 9*d + a, -18985 = -5*d - 5*a. Let t = -1913 + d. List the prime factors of t.
2, 941
Let z(m) = 183*m**3 + m**2 + 6*m. Let g(h) = -h**2 - h. Let a(n) = 4*g(n) + z(n). What are the prime factors of a(1)?
2, 7, 13
What are the prime factors of (-299295)/(-54) - ((-8 - -11) + (-10)/4)?
2, 17, 163
Let b = 46350 + -32376. What are the prime factors of b?
2, 3, 17, 137
Let z be 6/5*(-45)/18. Let f be 3 + 0/(-5 - z). List the prime factors of (f + 1)*(-18)/(-12).
2, 3
Suppose -73*k + 5*q - 781 = -75*k, 5*q = -5*k + 1930. List the prime factors of k.
383
Let h(t) = -28*t**2 - 1941*t - 89. List the prime factors of h(-68).
3, 809
Suppose 0 = -2*b + f + 3393, -6*b + b - 3*f = -8466. What are the prime factors of b?
3, 5, 113
Let l(p) = 11*p**2 + 23*p - 11. Suppose -18 = -124*o + 127*o. List the prime factors of l(o).
13, 19
Suppose -102*q = -106*q - 24. Let n be 11 - (3 + 0 + 0 + q). Suppose n*t = 11*t + 204. What are the prime factors of t?
2, 17
Let o(j) = j**2 + 7*j + 8. Let a be o(-6). Suppose -2*g + 322 = a*v, 5*v - 6*g - 840 = -4*g. Suppose 0 = 4*t - 6*t + v. What are the prime factors of t?
83
List the prime factors of ((-27)/(-45))/(6/478690) + (-7 - -1).
23, 2081
Let o = 48 - 43. Let l(m) = -6 + 7 - o - 7 - 25*m. What are the prime factors of l(-8)?
3, 7
Suppose 7*h = 10*h + 240. Let n = h - -315. List the prime factors of n.
5, 47
Let o be (-9)/(-12)*2676/3. Suppose 4 = x, 4*b - o = 3*b + 5*x. What are the prime factors of b?
13, 53
Suppose 620*q - 619*q - 6*h = 12459, 5*h = -30. What are the prime factors of q?
3, 41, 101
Let a = -177 + 188. Let g(h) = 3*h**2 - 7*h + 20. What are the prime factors of g(a)?
2, 3, 17
Suppose -106920 = -27*p + 69066. List the prime factors of p.
2, 3259
Let z = -40 + 42. Suppose 0*o = -q - o, 3*o = -z*q - 4. Suppose -2*h + q*m + 46 + 54 = 0, -3*h = -3*m - 135. What are the prime factors of h?
2, 5
Let y = -5845 - -4004. What are the prime factors of (2 - (-16)/(-12))*(10 - y)?
2, 617
Let b(x) = 0*x**2 - 2*x**2 - 6 - 4*x**2 + 11*x**3 + 15 - 9*x. What are the prime factors of b(4)?
7, 83
Suppose 5921 - 1142 = 3*x - 2*n, -x + 1593 = 2*n. Suppose 4*i = 7*i - x. What are the prime factors of i?
3, 59
Let t(s) = -s - 74. Let q(m) = 74. Let j(o) = -6*q(o) - 7*t(o). What are the prime factors of j(34)?
2, 3, 13
Let c(h) = 2150*h + 151. What are the prime factors of c(7)?
3, 563
Let i = 32 - -35. List the prime factors of 7 - 10 - (i*9)/(-1).
2, 3, 5
What are the prime factors of (-6)/((-11234)/88888 + 2/16)?
2, 271
Let v(j) = -66*j + 29. Let d(f) = 66*f - 29. Let r(l) = -5*d(l) - 6*v(l). What are the prime factors of r(7)?
433
Let x be (-3)/2 - (-549)/6. Suppose -5*q - 2*o + 10 = -4*q, 3*q = -o + 10. Suppose 0*j - x = -j + q*f, 205 = 2*j + f. What are the prime factors of j?
2, 5
Let m be -3*(1 - 15/9). Suppose 3*u = -4*l + 227, -3*l = m*u - 120 - 33. List the prime factors of u.
3, 23
Let u be 1/(9/24)*15. Suppose -4*m = -u + 32. Suppose -t + l + 22 = 0, -5*t + 0*l + 113 = -m*l. What are the prime factors of t?
23
Let v(t) = -t**3 + 37*t**2 - 19*t + 190. List the prime factors of v(25).
3, 5, 13, 37
Let f(m) be the first derivative of 14*m**2 + 3*m + 30. List the prime factors of f(9).
3, 5, 17
Let d = 18484 + -10898. What are the prime factors of d?
2, 3793
Let b(u) = -1081*u**2 - 9*u - 2*u**3 + 543*u**2 + 12 + 536*u**2. List the prime factors of b(-4).
2, 3
Let r be (-6)/(-4)*(-63976)/(-33). Suppose 2*z + 4*p - r + 170 = 0, 5488 = 4*z + 2*p. List the prime factors of z.
1373
Suppose 0 = 4*y - 3*d - 22232, 2*y + 14*d = 11*d + 11134. What are the prime factors of y?
67, 83
Suppose -5*v + 2*q = 60911 - 348423, 0 = v - 4*q - 57470. What are the prime factors of v?
2, 28753
Let k(v) = 1640*v + 5317. List the prime factors of k(5).
7, 1931
Let u = 45327 + -23590. List the prime factors of u.
21737
Suppose 13*q = -55977 - 78404. List the prime factors of (-9)/405*6 + q/(-15).
13, 53
Suppose 1 = 3*q - 2*s, -4*q + 5*s = -3*q + 17. Suppose q = 12*g - 11*g. Suppose 5*o = -c + 4*o + 127, 0 = g*c + 4*o - 382. List the prime factors of c.
2, 3, 7
Suppose -9*r - 51 + 6 = 0. List the prime factors of 52785/46 - (2 + r/2).
2, 7, 41
Let z(m) = 8*m - 22. Let n be z(3). Suppose 9*h - n*h = 7. What are the prime factors of (-2)/(-1 + 0) + 139/h?
3, 47
Suppose 907605 = 654*y - 609*y. List the prime factors of y.
3, 83
Suppose 3*a - 2*q - 15686 = 0, 93*a + 3*q + 5224 = 94*a. What are the prime factors of a?
2, 5, 523
Let o(y) = 3*y**3 - 3*y**2 - 13*y - 25. Let t(r) = -5*r**3 + 5*r**2 + 24*r + 51. Let z(b) = -7*o(b) - 4*t(b). What are the prime factors of z(-8)?
587
Let y(k) = 1 + 2*k + 3*k - 3*k. Let c be 85/(-680)*1*-8. What are the prime factors of y(c)?
3
Suppose 45*o = 40*o - 10. Let y(a) = -25*a + 6. Let q be y(o). Suppose 2*g + 4*i - 38 = 98, g - 4*i = q. List the prime factors of g.
2
Let t(h) = 2*h**3 - 1. Let g(y) = -5*y**3 + 17*y**2 - 10*y + 24. Let l(r) = -g(r) - 2*t(r). List the prime factors of l(17).
2, 37
Let m(t) = 2*t**2 + 8*t - 7. Let l be (2/4)/((-17)/170). Let n be m(l). Suppose 0 = -3*b + n, -3*w + 2*b + b + 348 = 0. What are the prime factors 